{"id":607,"date":"2022-01-16T13:37:32","date_gmt":"2022-01-16T13:37:32","guid":{"rendered":"https:\/\/annegyriteschutt.dk\/?page_id=607"},"modified":"2022-07-21T06:27:09","modified_gmt":"2022-07-21T06:27:09","slug":"it-could-have-been","status":"publish","type":"page","link":"https:\/\/annegyriteschutt.dk\/index.php\/it-could-have-been\/","title":{"rendered":"It could have been&#8230;"},"content":{"rendered":"\n<h3 class=\"wp-block-heading\" id=\"forbrydersker\">Forbrydersker<\/h3>\n\n\n\n<p>En serie skabt omkring kvindeportr\u00e6tter fra danske forbryderalbums omkring \u00e5rhundredskiftet.<\/p>\n\n\n\n<p>Mit eget kontrafej optr\u00e6der i billederne, da jeg er meget taknemlig for og bevidst om mit nutidige liv som kvindelig kunstner i Danmark i forhold til anden tid eller geografi.<\/p>\n\n\n<div class=\"wp-block-image\">\n<figure class=\"aligncenter size-large\"><img decoding=\"async\" loading=\"lazy\" width=\"1024\" height=\"891\" src=\"https:\/\/annegyriteschutt.dk\/wp-content\/uploads\/2022\/01\/IMG_7607-1024x891.jpg\" alt=\"\" class=\"wp-image-611\" srcset=\"https:\/\/annegyriteschutt.dk\/wp-content\/uploads\/2022\/01\/IMG_7607-1024x891.jpg 1024w, https:\/\/annegyriteschutt.dk\/wp-content\/uploads\/2022\/01\/IMG_7607-300x261.jpg 300w, https:\/\/annegyriteschutt.dk\/wp-content\/uploads\/2022\/01\/IMG_7607-768x668.jpg 768w, https:\/\/annegyriteschutt.dk\/wp-content\/uploads\/2022\/01\/IMG_7607-1200x1044.jpg 1200w, https:\/\/annegyriteschutt.dk\/wp-content\/uploads\/2022\/01\/IMG_7607.jpg 1306w\" sizes=\"(max-width: 1024px) 100vw, 1024px\" \/><\/figure><\/div>\n\n\n<figure class=\"wp-block-gallery has-nested-images columns-default is-cropped wp-block-gallery-1 is-layout-flex wp-block-gallery-is-layout-flex\">\n<figure class=\"wp-block-image size-large\"><img decoding=\"async\" loading=\"lazy\" width=\"1024\" height=\"768\" data-id=\"613\" src=\"https:\/\/annegyriteschutt.dk\/wp-content\/uploads\/2022\/01\/IMG_7656-1024x768.jpg\" alt=\"\" class=\"wp-image-613\" srcset=\"https:\/\/annegyriteschutt.dk\/wp-content\/uploads\/2022\/01\/IMG_7656-1024x768.jpg 1024w, https:\/\/annegyriteschutt.dk\/wp-content\/uploads\/2022\/01\/IMG_7656-300x225.jpg 300w, https:\/\/annegyriteschutt.dk\/wp-content\/uploads\/2022\/01\/IMG_7656-768x576.jpg 768w, https:\/\/annegyriteschutt.dk\/wp-content\/uploads\/2022\/01\/IMG_7656-1536x1152.jpg 1536w, https:\/\/annegyriteschutt.dk\/wp-content\/uploads\/2022\/01\/IMG_7656-1200x900.jpg 1200w, https:\/\/annegyriteschutt.dk\/wp-content\/uploads\/2022\/01\/IMG_7656.jpg 1632w\" sizes=\"(max-width: 1024px) 100vw, 1024px\" \/><\/figure>\n\n\n\n<figure class=\"wp-block-image size-large\"><img decoding=\"async\" loading=\"lazy\" width=\"1024\" height=\"783\" data-id=\"612\" src=\"https:\/\/annegyriteschutt.dk\/wp-content\/uploads\/2022\/01\/IMG_7721-1024x783.jpg\" alt=\"\" class=\"wp-image-612\" srcset=\"https:\/\/annegyriteschutt.dk\/wp-content\/uploads\/2022\/01\/IMG_7721-1024x783.jpg 1024w, https:\/\/annegyriteschutt.dk\/wp-content\/uploads\/2022\/01\/IMG_7721-300x229.jpg 300w, https:\/\/annegyriteschutt.dk\/wp-content\/uploads\/2022\/01\/IMG_7721-768x588.jpg 768w, https:\/\/annegyriteschutt.dk\/wp-content\/uploads\/2022\/01\/IMG_7721-1200x918.jpg 1200w, https:\/\/annegyriteschutt.dk\/wp-content\/uploads\/2022\/01\/IMG_7721.jpg 1468w\" sizes=\"(max-width: 1024px) 100vw, 1024px\" \/><\/figure>\n<\/figure>\n\n\n<div class=\"wp-block-image\">\n<figure class=\"aligncenter size-large\"><img decoding=\"async\" loading=\"lazy\" width=\"995\" height=\"1024\" src=\"https:\/\/annegyriteschutt.dk\/wp-content\/uploads\/2022\/01\/IMG_7612-995x1024.jpg\" alt=\"\" class=\"wp-image-615\" srcset=\"https:\/\/annegyriteschutt.dk\/wp-content\/uploads\/2022\/01\/IMG_7612-995x1024.jpg 995w, https:\/\/annegyriteschutt.dk\/wp-content\/uploads\/2022\/01\/IMG_7612-292x300.jpg 292w, https:\/\/annegyriteschutt.dk\/wp-content\/uploads\/2022\/01\/IMG_7612-768x790.jpg 768w, https:\/\/annegyriteschutt.dk\/wp-content\/uploads\/2022\/01\/IMG_7612-1200x1235.jpg 1200w, https:\/\/annegyriteschutt.dk\/wp-content\/uploads\/2022\/01\/IMG_7612.jpg 1244w\" sizes=\"(max-width: 995px) 100vw, 995px\" \/><\/figure><\/div>\n\n\n<p><\/p>\n\n\n\n<figure class=\"wp-block-gallery has-nested-images columns-default is-cropped wp-block-gallery-3 is-layout-flex wp-block-gallery-is-layout-flex\">\n<figure class=\"wp-block-image size-large\"><img decoding=\"async\" loading=\"lazy\" width=\"1024\" height=\"768\" data-id=\"614\" src=\"https:\/\/annegyriteschutt.dk\/wp-content\/uploads\/2022\/01\/IMG_0511-1024x768.jpg\" alt=\"\" class=\"wp-image-614\" srcset=\"https:\/\/annegyriteschutt.dk\/wp-content\/uploads\/2022\/01\/IMG_0511-1024x768.jpg 1024w, https:\/\/annegyriteschutt.dk\/wp-content\/uploads\/2022\/01\/IMG_0511-300x225.jpg 300w, https:\/\/annegyriteschutt.dk\/wp-content\/uploads\/2022\/01\/IMG_0511-768x576.jpg 768w, https:\/\/annegyriteschutt.dk\/wp-content\/uploads\/2022\/01\/IMG_0511-1536x1152.jpg 1536w, https:\/\/annegyriteschutt.dk\/wp-content\/uploads\/2022\/01\/IMG_0511-1200x900.jpg 1200w, https:\/\/annegyriteschutt.dk\/wp-content\/uploads\/2022\/01\/IMG_0511.jpg 2016w\" sizes=\"(max-width: 1024px) 100vw, 1024px\" \/><\/figure>\n<\/figure>\n\n\n\n<p><\/p>\n\n\n\n<h3 class=\"wp-block-heading\" id=\"portraetter-af-kvinder-udvist-af-danmark-i-1919\">Portr\u00e6tter af kvinder udvist af Danmark i 1919.<\/h3>\n\n\n\n<figure class=\"wp-block-gallery has-nested-images columns-default is-cropped wp-block-gallery-5 is-layout-flex wp-block-gallery-is-layout-flex\">\n\n<figure class=\"wp-block-image size-large\"><img decoding=\"async\" loading=\"lazy\" width=\"701\" height=\"1024\" data-id=\"609\" src=\"https:\/\/annegyriteschutt.dk\/wp-content\/uploads\/2022\/01\/IMG_9894-701x1024.jpg\" alt=\"\" class=\"wp-image-609\" srcset=\"https:\/\/annegyriteschutt.dk\/wp-content\/uploads\/2022\/01\/IMG_9894-701x1024.jpg 701w, https:\/\/annegyriteschutt.dk\/wp-content\/uploads\/2022\/01\/IMG_9894-205x300.jpg 205w, https:\/\/annegyriteschutt.dk\/wp-content\/uploads\/2022\/01\/IMG_9894-768x1122.jpg 768w, https:\/\/annegyriteschutt.dk\/wp-content\/uploads\/2022\/01\/IMG_9894-1052x1536.jpg 1052w, https:\/\/annegyriteschutt.dk\/wp-content\/uploads\/2022\/01\/IMG_9894.jpg 1068w\" sizes=\"(max-width: 701px) 100vw, 701px\" \/><\/figure>\n\n\n<figure class=\"wp-block-image size-large\"><img decoding=\"async\" loading=\"lazy\" width=\"726\" height=\"1024\" data-id=\"610\" src=\"https:\/\/annegyriteschutt.dk\/wp-content\/uploads\/2022\/01\/IMG_9898-726x1024.jpg\" alt=\"\" class=\"wp-image-610\" srcset=\"https:\/\/annegyriteschutt.dk\/wp-content\/uploads\/2022\/01\/IMG_9898-726x1024.jpg 726w, https:\/\/annegyriteschutt.dk\/wp-content\/uploads\/2022\/01\/IMG_9898-213x300.jpg 213w, https:\/\/annegyriteschutt.dk\/wp-content\/uploads\/2022\/01\/IMG_9898-768x1083.jpg 768w, https:\/\/annegyriteschutt.dk\/wp-content\/uploads\/2022\/01\/IMG_9898.jpg 1068w\" sizes=\"(max-width: 726px) 100vw, 726px\" \/><\/figure>\n\n<figcaption class=\"blocks-gallery-caption\">Disse tre dobbeltportr\u00e6tter er tegnet i anledning af Tegnerforbundet af 1919s 100-\u00e5rs jubil\u00e6um.<\/figcaption><\/figure>\n\n\n<div class=\"wp-block-image\">\n<figure class=\"aligncenter size-large\"><img decoding=\"async\" loading=\"lazy\" width=\"715\" height=\"1024\" src=\"https:\/\/annegyriteschutt.dk\/wp-content\/uploads\/2022\/01\/IMG_9914-715x1024.jpg\" alt=\"\" class=\"wp-image-608\" srcset=\"https:\/\/annegyriteschutt.dk\/wp-content\/uploads\/2022\/01\/IMG_9914-715x1024.jpg 715w, https:\/\/annegyriteschutt.dk\/wp-content\/uploads\/2022\/01\/IMG_9914-210x300.jpg 210w, https:\/\/annegyriteschutt.dk\/wp-content\/uploads\/2022\/01\/IMG_9914-768x1099.jpg 768w, https:\/\/annegyriteschutt.dk\/wp-content\/uploads\/2022\/01\/IMG_9914.jpg 964w\" sizes=\"(max-width: 715px) 100vw, 715px\" \/><\/figure><\/div>\n\n\n<p>\u2026 igang med tegningerne til \u201cIt could have been serien\u201d Udf\u00f8rt med blandet teknik, b\u00e5de akvarel, kul og kridt. 2017<\/p>\n\n\n<div class=\"wp-block-image\">\n<figure class=\"aligncenter size-large\"><img decoding=\"async\" loading=\"lazy\" width=\"1024\" height=\"768\" src=\"https:\/\/annegyriteschutt.dk\/wp-content\/uploads\/2022\/01\/igangforbryd-1024x768.jpg\" alt=\"\" class=\"wp-image-662\" srcset=\"https:\/\/annegyriteschutt.dk\/wp-content\/uploads\/2022\/01\/igangforbryd-1024x768.jpg 1024w, https:\/\/annegyriteschutt.dk\/wp-content\/uploads\/2022\/01\/igangforbryd-300x225.jpg 300w, https:\/\/annegyriteschutt.dk\/wp-content\/uploads\/2022\/01\/igangforbryd-768x576.jpg 768w, https:\/\/annegyriteschutt.dk\/wp-content\/uploads\/2022\/01\/igangforbryd-1536x1152.jpg 1536w, https:\/\/annegyriteschutt.dk\/wp-content\/uploads\/2022\/01\/igangforbryd-1200x900.jpg 1200w, https:\/\/annegyriteschutt.dk\/wp-content\/uploads\/2022\/01\/igangforbryd.jpg 1632w\" sizes=\"(max-width: 1024px) 100vw, 1024px\" \/><\/figure><\/div>","protected":false},"excerpt":{"rendered":"<p>Forbrydersker En serie skabt omkring kvindeportr\u00e6tter fra danske forbryderalbums omkring \u00e5rhundredskiftet. Mit eget kontrafej optr\u00e6der i billederne, da jeg er meget taknemlig for og bevidst om mit nutidige liv som kvindelig kunstner i Danmark i forhold til anden tid eller geografi. Portr\u00e6tter af kvinder udvist af Danmark i 1919. \u2026&hellip;<\/p>\n<p class=\"more-link-wrapper\"><a class=\"more-link\" href=\"https:\/\/annegyriteschutt.dk\/index.php\/it-could-have-been\/\"><span class=\"fa fa-mail-forward read-more-icon\"><\/span><span class=\"screen-reader-text\">Read More<\/span><\/a><\/p>\n","protected":false},"author":1,"featured_media":0,"parent":0,"menu_order":0,"comment_status":"closed","ping_status":"closed","template":"","meta":{"advgb_blocks_editor_width":"","advgb_blocks_columns_visual_guide":"","footnotes":"","_links_to":"","_links_to_target":""},"coauthors":[],"author_meta":{"author_link":"https:\/\/annegyriteschutt.dk\/index.php\/author\/admin\/","display_name":"admin"},"relative_dates":{"created":"Udgivet 4 \u00e5r siden","modified":"Opdateret 4 \u00e5r siden"},"absolute_dates":{"created":"Udgivet 16. januar 2022","modified":"Opdateret 21. juli 2022"},"absolute_dates_time":{"created":"Udgivet 16. januar 2022 1:37 pm","modified":"Opdateret 21. juli 2022 6:27 am"},"featured_img_caption":"","featured_img":false,"series_order":"","_links":{"self":[{"href":"https:\/\/annegyriteschutt.dk\/index.php\/wp-json\/wp\/v2\/pages\/607"}],"collection":[{"href":"https:\/\/annegyriteschutt.dk\/index.php\/wp-json\/wp\/v2\/pages"}],"about":[{"href":"https:\/\/annegyriteschutt.dk\/index.php\/wp-json\/wp\/v2\/types\/page"}],"author":[{"embeddable":true,"href":"https:\/\/annegyriteschutt.dk\/index.php\/wp-json\/wp\/v2\/users\/1"}],"replies":[{"embeddable":true,"href":"https:\/\/annegyriteschutt.dk\/index.php\/wp-json\/wp\/v2\/comments?post=607"}],"version-history":[{"count":10,"href":"https:\/\/annegyriteschutt.dk\/index.php\/wp-json\/wp\/v2\/pages\/607\/revisions"}],"predecessor-version":[{"id":702,"href":"https:\/\/annegyriteschutt.dk\/index.php\/wp-json\/wp\/v2\/pages\/607\/revisions\/702"}],"wp:attachment":[{"href":"https:\/\/annegyriteschutt.dk\/index.php\/wp-json\/wp\/v2\/media?parent=607"}],"curies":[{"name":"wp","href":"https:\/\/api.w.org\/{rel}","templated":true}]}}